j.
2, 29, 883
Let n(c) = 23*c + 39. Let y(s) = 2*s**2 - 9*s + 20. Let b be y(4). List the prime factors of n(b).
11, 37
Let p(z) = 17*z**2 - 3*z**3 + 15 - 20*z**2 + 14*z**2 - 10*z + 2*z**3. What are the prime factors of p(6)?
3, 5
Suppose 3*s = 8*s. Suppose 4*o + 2*g + 3*g + 35 = s, -2*o + g - 35 = 0. Let t(v) = -v**2 - 19*v + 30. List the prime factors of t(o).
2, 3, 5
Let g = -103 + 109. Suppose -4*x - 9 = c - 24, -2*x = g. List the prime factors of c.
3
Let q(m) be the second derivative of -40*m**3/3 - 51*m**2/2 + 15*m. List the prime factors of q(-3).
3, 7
Suppose 12 = 5*d + 7. Let k be 12/9*-3 + (d - 53). Let p = 90 + k. What are the prime factors of p?
2, 17
Let h = -13502 + 20573. List the prime factors of h.
3, 2357
Let x be (5/6)/((-3)/(-18)). Suppose x*b = -2*b + 1414. What are the prime factors of b?
2, 101
Let c(j) = -2*j**3 - 2*j**2 + j - 28. Let z be c(-8). Suppose 6978 = 14*a + z. What are the prime factors of a?
19, 23
Let y = -26683 + 41555. List the prime factors of y.
2, 11, 13
Let o(u) = u**2 + 6*u + 8. Let g be o(-5). Let b(q) = 4*q + 6*q**3 - 11 + 6 + 2*q**g. What are the prime factors of b(2)?
67
Let h(k) be the third derivative of -k**4/12 - 7*k**3/2 + k**2 - 9*k. Let r be 2 + -2 + -2 + -14. What are the prime factors of h(r)?
11
Suppose 63*j + f = 62*j + 3029, j - 3030 = -2*f. What are the prime factors of j?
2, 757
Suppose -6*k + 7*k = 6, 0 = -v + 5*k + 5579. List the prime factors of v.
71, 79
Let z = -45 - -47. Suppose -5*a + 251 = z*x, 0 = -2*x + 3*a + 343 - 116. What are the prime factors of x?
2, 59
Suppose 0 = 3*w - i - 113, -50*w + 165 = -45*w + 3*i. Suppose -9188 - 14716 = -w*t. List the prime factors of t.
2, 83
Let b = 48456 + -34430. List the prime factors of b.
2, 7013
Suppose 43*l - 11*l - 3613428 = -85*l. List the prime factors of l.
2, 7, 1103
Let p = -377 - -1144. Let o = p + -141. Suppose -9*b + 40 + o = 0. What are the prime factors of b?
2, 37
What are the prime factors of ((-60)/(-25))/((20/250)/((-1618)/(-10)))?
2, 3, 809
Let w = -37 - -43. Let u be w/2 - (0 + -193 + 0). Suppose 0 = -5*m + 666 - u. List the prime factors of m.
2, 47
Let v = -41 + 90. Let z = 28 - v. Let a = z + 166. List the prime factors of a.
5, 29
Let v(x) = -598*x - 1416. What are the prime factors of v(-38)?
2, 7, 761
List the prime factors of 1965440/200 + (-4)/20.
31, 317
Let y(w) = w**3 + 11*w**2 - 4*w - 15. Let x be y(7). Suppose -4*t + 493 + x = 0. Suppose -2*d - d + t = 0. What are the prime factors of d?
3, 37
Suppose 4*r - 4 = 0, 519 = -3*b + r + 4832. Let l = -720 + b. List the prime factors of l.
2, 359
Let v = -28 - -13. List the prime factors of ((-3)/v - 1) + 524/5.
2, 13
Suppose -w - 15 = -16. Let x be -8*(1/2)/(w*-1). Suppose -3*m + 505 + 102 = x*h, m - 4*h = 197. List the prime factors of m.
3, 67
Let l(s) = -6*s - 251. Let h be (14100/54)/(-5) + 10/45. List the prime factors of l(h).
61
Suppose -469 - 323 = 4*o. List the prime factors of o/(-27)*174/4.
11, 29
Suppose 9*n = -0*n - 27. Let d be 104/6*n/(-2). Suppose d - 6 = 4*g. List the prime factors of g.
5
Let z = -151 - -156. Let k(v) = 12*v - 62. Let h be k(z). What are the prime factors of (-75)/(-50) + (h - 522/(-4))?
2, 5, 13
Suppose -269*k + 308703 = -218*k. List the prime factors of k.
6053
Let p be 5/(210/156) + 2/7. Let u be -9 + p - (-4)/(16/(-12)). What are the prime factors of 235 + 1 - (-7 - u)?
5, 47
Let x(p) = -42*p**3 - 4*p**2 - 7*p - 17. Let s be x(-4). Suppose 10*w = s + 2655. List the prime factors of w.
23
Let u(l) = -8*l - 11*l - 13 - 7*l + 7*l. What are the prime factors of u(-2)?
5
What are the prime factors of ((-15)/((-1425)/759962))/(4/10)?
7, 2857
Let n = -33 - -35. Suppose -2*h - n*h = -200. Suppose -3*d + h = -2*d. What are the prime factors of d?
2, 5
Let c = -66 - -70. Suppose 3*d + 20 = 2*q, 4*q - 24 = 3*d + c. Suppose 0*y + 4*f = q*y - 360, 0 = -3*y - 3*f + 240. List the prime factors of y.
5, 17
Let y = 35471 - 2000. List the prime factors of y.
3, 3719
Let m be (6 + -1)/(15 - (-24752)/(-1651)). Suppose m*f = 640*f - 2830. What are the prime factors of f?
2, 283
Suppose -a = -0*r + 5*r + 13, -r - 2*a = -1. List the prime factors of (r/2*7)/(14/(-532)).
3, 7, 19
Let n(x) = -10*x + 11. Let s be n(1). Let c be -2*2/4*1. What are the prime factors of ((0 - s)/c)/(3/162)?
2, 3
Suppose -42*c = -39*c - 32973. List the prime factors of c.
29, 379
Suppose 4*x - 20*x = -12615 - 34841. List the prime factors of x.
2, 1483
Let l(f) be the third derivative of -5*f**4/24 - 10*f**3/3 - f**2. Let v(n) = -n**2 - 6*n + 126. Let x be v(-15). What are the prime factors of l(x)?
5
Suppose -3569208 - 5735469 = -339*h - 2242290. What are the prime factors of h?
83, 251
Let k = 201 + -433. Let h = 136 - k. List the prime factors of h.
2, 23
Let x be (-25)/(171/54 + -4). Suppose -5*d - 37 - 38 = 0. Let a = x - d. List the prime factors of a.
3, 5
Let j(o) = -2*o**2 - o. Suppose -5*z - 4*r + 16 = 0, r - 4 = 2*z + 3*z. Let l be j(z). Let q(h) = h + 84. What are the prime factors of q(l)?
2, 3, 7
Let q = 16532 + -10666. List the prime factors of q.
2, 7, 419
Let r = 135 - 131. Suppose -n + 22 = n - r*h, 5*n - 30 = 5*h. What are the prime factors of (-710)/(-6) + n/(-3)?
2, 59
Let k be ((-450)/8)/3*(-2 + 6). Let n = k + 78. Let x(f) = 46*f + 4. What are the prime factors of x(n)?
2, 71
What are the prime factors of (53532/(-24))/3*(-1 - 1)?
1487
Suppose 102 - 18 = -x. Let y = x - 13. Let u = -73 - y. What are the prime factors of u?
2, 3
Suppose 2*s + 4 = 0, -70*f = -73*f - s + 52177. What are the prime factors of f?
17393
Suppose -151*t = -155*t - 148. List the prime factors of ((-191)/(-4))/(-1)*296/t.
2, 191
Let b = -16369 - -28442. List the prime factors of b.
12073
Let y(w) = -19308*w - 2493. What are the prime factors of y(-5)?
3, 23, 29, 47
Suppose -498 = -4*l - 2*z, 2*l = -3*l - z + 621. Let a = l - 121. Suppose -a*y = -4*o - 644, -319 = -4*y - 3*o + 573. List the prime factors of y.
2, 5, 11
Let u = 1395 + 33443. List the prime factors of u.
2, 17419
Suppose -226*p = -424218 - 789890 - 1677562. What are the prime factors of p?
3, 5, 853
Suppose y - 14074 = 4*w, 7*w + 56231 = 4*y + 4*w. What are the prime factors of y?
2, 7027
Let x(t) = t**3 - 8*t**2 + 2*t + 18. Let d be x(8). Let p = -154 + d. List the prime factors of (p/(-9))/((-1)/(-6)).
2, 5
Let u = -94 + 96. Let t be u/4*(337 - (8 - 5)). Suppose -10*x + 2017 = t. What are the prime factors of x?
5, 37
Let w(l) = 3*l + 107. Let q be w(0). Suppose -3*y - 5*x + 307 = 0, -3*y + 4*x - q = -4*y. Let u = y - 58. List the prime factors of u.
41
Suppose 5*w - 2*p + 226 = 0, -218 = 4*w + 2*p - 30. Let b = w + 46. Suppose -4*n + b*m = -4*m - 384, -5*m = -n + 84. What are the prime factors of n?
3, 11
Let j(n) = n**3 - 51*n**2 + 53*n + 461. List the prime factors of j(51).
2, 7, 113
Let i be -53*((1 - 5) + -19). Let h = -795 + i. List the prime factors of h.
2, 53
Let v = -1573 + 9840. List the prime factors of v.
7, 1181
Let f(y) = y**2 - 2*y - 5. Let h be f(6). Let s = 23 - h. What are the prime factors of (-42)/(-16)*2*s?
3, 7
Let h = -62853 + 111291. List the prime factors of h.
2, 3, 13, 23
Suppose 219923 - 902092 = -179*a. What are the prime factors of a?
37, 103
Let d(n) = -n**2 + 93*n + 15 - 20*n - 23*n. List the prime factors of d(44).
3, 31
Let u(a) = 3*a**2 + 79*a + 1559. What are the prime factors of u(77)?
59, 431
Suppose 4*y + 24*y - 118404 = 10*y. List the prime factors of y.
2, 11, 13, 23
Let d be (3 - 21/6)/((-4)/(-1584)). Let s be (-1514)/(-22) + (-9)/(d/4). Suppose -939 - s = -9*n. List the prime factors of n.
2, 7
Let a be (-22)/(-1)*(-16)/(-32). Suppose -9*z = -a*z + 4. List the prime factors of (-10)/4*((-6)/z + 1).
5
Let p be (4/(-12))/((-3)/90). Let l(z) = z**3 - 6*z**2 + 26*z - 24. List the prime factors of l(p).
2, 3, 53
Suppose 0 = 4*u + y - 609, 0*u - 2*u = -5*y - 299. Let c = u - 83. Suppose -3*k = 5*t - 117, -5*k + 16 = -2*t + c. List the prime factors of t.
2, 3
Let r = 48 + -148. Let h = -71 - r. List the prime factors of h.
29
Let u(t) = t**3 + 4*t**2 + 2*t - 2. Let x be u(-3). Let j be x + 1 + -2*(-38)/(-4). Let q = 28 - j. What are the prime factors of q?
3, 5
Let b(a) = a**3 - 10*a**2 - 16*a + 11. Let q be b(11). Suppose -l + 17*l + 672 = 0. Let y = l - q. Lis